{"id":203,"date":"2025-05-31T22:14:09","date_gmt":"2025-05-31T22:14:09","guid":{"rendered":"https:\/\/glorwa.com\/?post_type=product&#038;p=203"},"modified":"2025-08-09T19:03:50","modified_gmt":"2025-08-09T19:03:50","slug":"coffret-3-parfums","status":"publish","type":"product","link":"https:\/\/glorwa.com\/?product=coffret-3-parfums","title":{"rendered":"Coffret 3 Parfums"},"content":{"rendered":"<p><strong>Clients satisfaits:<\/strong><\/p>\n<p><img loading=\"lazy\" decoding=\"async\" class=\"alignnone size-medium wp-image-133\" src=\"https:\/\/glorwa.com\/wp-content\/uploads\/2025\/01\/366368543_250797544494967_7518920695420659627_n-300x300.jpg\" alt=\"\" width=\"300\" height=\"300\" srcset=\"https:\/\/glorwa.com\/wp-content\/uploads\/2025\/01\/366368543_250797544494967_7518920695420659627_n-300x300.jpg 300w, https:\/\/glorwa.com\/wp-content\/uploads\/2025\/01\/366368543_250797544494967_7518920695420659627_n-100x100.jpg 100w, https:\/\/glorwa.com\/wp-content\/uploads\/2025\/01\/366368543_250797544494967_7518920695420659627_n-600x600.jpg 600w, https:\/\/glorwa.com\/wp-content\/uploads\/2025\/01\/366368543_250797544494967_7518920695420659627_n-1024x1024.jpg 1024w, https:\/\/glorwa.com\/wp-content\/uploads\/2025\/01\/366368543_250797544494967_7518920695420659627_n-150x150.jpg 150w, https:\/\/glorwa.com\/wp-content\/uploads\/2025\/01\/366368543_250797544494967_7518920695420659627_n-768x768.jpg 768w, https:\/\/glorwa.com\/wp-content\/uploads\/2025\/01\/366368543_250797544494967_7518920695420659627_n.jpg 1080w\" sizes=\"auto, (max-width: 300px) 100vw, 300px\" \/> <img loading=\"lazy\" decoding=\"async\" class=\"alignnone size-medium wp-image-132\" src=\"https:\/\/glorwa.com\/wp-content\/uploads\/2025\/01\/366344687_250797534494968_3828777819636438113_n-300x300.jpg\" alt=\"\" width=\"300\" height=\"300\" srcset=\"https:\/\/glorwa.com\/wp-content\/uploads\/2025\/01\/366344687_250797534494968_3828777819636438113_n-300x300.jpg 300w, https:\/\/glorwa.com\/wp-content\/uploads\/2025\/01\/366344687_250797534494968_3828777819636438113_n-100x100.jpg 100w, https:\/\/glorwa.com\/wp-content\/uploads\/2025\/01\/366344687_250797534494968_3828777819636438113_n-600x600.jpg 600w, https:\/\/glorwa.com\/wp-content\/uploads\/2025\/01\/366344687_250797534494968_3828777819636438113_n-1024x1024.jpg 1024w, https:\/\/glorwa.com\/wp-content\/uploads\/2025\/01\/366344687_250797534494968_3828777819636438113_n-150x150.jpg 150w, https:\/\/glorwa.com\/wp-content\/uploads\/2025\/01\/366344687_250797534494968_3828777819636438113_n-768x768.jpg 768w, https:\/\/glorwa.com\/wp-content\/uploads\/2025\/01\/366344687_250797534494968_3828777819636438113_n.jpg 1080w\" sizes=\"auto, (max-width: 300px) 100vw, 300px\" \/> <img loading=\"lazy\" decoding=\"async\" class=\"alignnone size-medium wp-image-130\" src=\"https:\/\/glorwa.com\/wp-content\/uploads\/2025\/01\/378539116_271339522440769_1707955918836180755_n-300x300.jpg\" alt=\"\" width=\"300\" height=\"300\" srcset=\"https:\/\/glorwa.com\/wp-content\/uploads\/2025\/01\/378539116_271339522440769_1707955918836180755_n-300x300.jpg 300w, https:\/\/glorwa.com\/wp-content\/uploads\/2025\/01\/378539116_271339522440769_1707955918836180755_n-100x100.jpg 100w, https:\/\/glorwa.com\/wp-content\/uploads\/2025\/01\/378539116_271339522440769_1707955918836180755_n-600x600.jpg 600w, https:\/\/glorwa.com\/wp-content\/uploads\/2025\/01\/378539116_271339522440769_1707955918836180755_n-1024x1024.jpg 1024w, https:\/\/glorwa.com\/wp-content\/uploads\/2025\/01\/378539116_271339522440769_1707955918836180755_n-150x150.jpg 150w, https:\/\/glorwa.com\/wp-content\/uploads\/2025\/01\/378539116_271339522440769_1707955918836180755_n-768x768.jpg 768w, https:\/\/glorwa.com\/wp-content\/uploads\/2025\/01\/378539116_271339522440769_1707955918836180755_n.jpg 1080w\" sizes=\"auto, (max-width: 300px) 100vw, 300px\" \/> <img loading=\"lazy\" decoding=\"async\" class=\"alignnone size-medium wp-image-129\" src=\"https:\/\/glorwa.com\/wp-content\/uploads\/2025\/01\/379277094_271339125774142_9077966376632665122_n-300x300.jpg\" alt=\"\" width=\"300\" height=\"300\" srcset=\"https:\/\/glorwa.com\/wp-content\/uploads\/2025\/01\/379277094_271339125774142_9077966376632665122_n-300x300.jpg 300w, https:\/\/glorwa.com\/wp-content\/uploads\/2025\/01\/379277094_271339125774142_9077966376632665122_n-100x100.jpg 100w, https:\/\/glorwa.com\/wp-content\/uploads\/2025\/01\/379277094_271339125774142_9077966376632665122_n-600x600.jpg 600w, https:\/\/glorwa.com\/wp-content\/uploads\/2025\/01\/379277094_271339125774142_9077966376632665122_n-1024x1024.jpg 1024w, https:\/\/glorwa.com\/wp-content\/uploads\/2025\/01\/379277094_271339125774142_9077966376632665122_n-150x150.jpg 150w, https:\/\/glorwa.com\/wp-content\/uploads\/2025\/01\/379277094_271339125774142_9077966376632665122_n-768x768.jpg 768w, https:\/\/glorwa.com\/wp-content\/uploads\/2025\/01\/379277094_271339125774142_9077966376632665122_n.jpg 1080w\" sizes=\"auto, (max-width: 300px) 100vw, 300px\" \/> <img loading=\"lazy\" decoding=\"async\" class=\"alignnone size-medium wp-image-128\" src=\"https:\/\/glorwa.com\/wp-content\/uploads\/2025\/01\/353733558_216927241215331_6497808166066900397_n-300x300.jpg\" alt=\"\" width=\"300\" height=\"300\" srcset=\"https:\/\/glorwa.com\/wp-content\/uploads\/2025\/01\/353733558_216927241215331_6497808166066900397_n-300x300.jpg 300w, https:\/\/glorwa.com\/wp-content\/uploads\/2025\/01\/353733558_216927241215331_6497808166066900397_n-100x100.jpg 100w, https:\/\/glorwa.com\/wp-content\/uploads\/2025\/01\/353733558_216927241215331_6497808166066900397_n-600x600.jpg 600w, https:\/\/glorwa.com\/wp-content\/uploads\/2025\/01\/353733558_216927241215331_6497808166066900397_n-1024x1024.jpg 1024w, https:\/\/glorwa.com\/wp-content\/uploads\/2025\/01\/353733558_216927241215331_6497808166066900397_n-150x150.jpg 150w, https:\/\/glorwa.com\/wp-content\/uploads\/2025\/01\/353733558_216927241215331_6497808166066900397_n-768x768.jpg 768w, https:\/\/glorwa.com\/wp-content\/uploads\/2025\/01\/353733558_216927241215331_6497808166066900397_n.jpg 1080w\" sizes=\"auto, (max-width: 300px) 100vw, 300px\" \/> <img loading=\"lazy\" decoding=\"async\" class=\"alignnone size-medium wp-image-127\" src=\"https:\/\/glorwa.com\/wp-content\/uploads\/2025\/01\/353636101_216927261215329_3877200405556558678_n-300x300.jpg\" alt=\"\" width=\"300\" height=\"300\" srcset=\"https:\/\/glorwa.com\/wp-content\/uploads\/2025\/01\/353636101_216927261215329_3877200405556558678_n-300x300.jpg 300w, https:\/\/glorwa.com\/wp-content\/uploads\/2025\/01\/353636101_216927261215329_3877200405556558678_n-100x100.jpg 100w, https:\/\/glorwa.com\/wp-content\/uploads\/2025\/01\/353636101_216927261215329_3877200405556558678_n-600x600.jpg 600w, https:\/\/glorwa.com\/wp-content\/uploads\/2025\/01\/353636101_216927261215329_3877200405556558678_n-1024x1024.jpg 1024w, https:\/\/glorwa.com\/wp-content\/uploads\/2025\/01\/353636101_216927261215329_3877200405556558678_n-150x150.jpg 150w, https:\/\/glorwa.com\/wp-content\/uploads\/2025\/01\/353636101_216927261215329_3877200405556558678_n-768x768.jpg 768w, https:\/\/glorwa.com\/wp-content\/uploads\/2025\/01\/353636101_216927261215329_3877200405556558678_n.jpg 1080w\" sizes=\"auto, (max-width: 300px) 100vw, 300px\" \/><\/p>\n","protected":false},"excerpt":{"rendered":"<p data-start=\"1178\" data-end=\"1442\">Laissez-vous s\u00e9duire par une <strong data-start=\"1207\" data-end=\"1240\">exp\u00e9rience olfactive compl\u00e8te<\/strong> avec notre <strong data-start=\"1252\" data-end=\"1268\">coffret trio<\/strong>. Trois parfums iconiques Glorwa r\u00e9unis dans un seul \u00e9crin pour varier les plaisirs selon vos envies ou vos occasions. L\u2019alliance parfaite entre style, intensit\u00e9 et \u00e9l\u00e9gance.<\/p>\n<p data-start=\"1444\" data-end=\"1459\">\ud83d\udce6 Contient :<\/p>\n<ul data-start=\"1460\" data-end=\"1585\">\n<li data-start=\"1460\" data-end=\"1479\">\n<p data-start=\"1462\" data-end=\"1479\">3 parfums 50 ml<\/p>\n<\/li>\n<li data-start=\"1480\" data-end=\"1526\">\n<p data-start=\"1482\" data-end=\"1526\">Coffret luxueux,<\/p>\n<\/li>\n<\/ul>\n<p data-start=\"1587\" data-end=\"1711\">\ud83d\udca1 <strong data-start=\"1590\" data-end=\"1608\">Parfait pour :<\/strong> les grands amateurs, les coffrets cadeaux haut de gamme ou pour composer votre collection personnelle.<\/p>\n","protected":false},"featured_media":238,"comment_status":"open","ping_status":"closed","template":"","meta":{"om_disable_all_campaigns":false,"_monsterinsights_skip_tracking":false,"_monsterinsights_sitenote_active":false,"_monsterinsights_sitenote_note":"","_monsterinsights_sitenote_category":0,"_uf_show_specific_survey":0,"_uf_disable_surveys":false},"product_brand":[],"product_cat":[21],"product_tag":[],"class_list":{"0":"post-203","1":"product","2":"type-product","3":"status-publish","4":"has-post-thumbnail","6":"product_cat-pack-glorwa","8":"first","9":"instock","10":"sale","11":"shipping-taxable","12":"purchasable","13":"product-type-easy_product_bundle"},"aioseo_notices":[],"jetpack_sharing_enabled":true,"_links":{"self":[{"href":"https:\/\/glorwa.com\/index.php?rest_route=\/wp\/v2\/product\/203","targetHints":{"allow":["GET"]}}],"collection":[{"href":"https:\/\/glorwa.com\/index.php?rest_route=\/wp\/v2\/product"}],"about":[{"href":"https:\/\/glorwa.com\/index.php?rest_route=\/wp\/v2\/types\/product"}],"replies":[{"embeddable":true,"href":"https:\/\/glorwa.com\/index.php?rest_route=%2Fwp%2Fv2%2Fcomments&post=203"}],"wp:featuredmedia":[{"embeddable":true,"href":"https:\/\/glorwa.com\/index.php?rest_route=\/wp\/v2\/media\/238"}],"wp:attachment":[{"href":"https:\/\/glorwa.com\/index.php?rest_route=%2Fwp%2Fv2%2Fmedia&parent=203"}],"wp:term":[{"taxonomy":"product_brand","embeddable":true,"href":"https:\/\/glorwa.com\/index.php?rest_route=%2Fwp%2Fv2%2Fproduct_brand&post=203"},{"taxonomy":"product_cat","embeddable":true,"href":"https:\/\/glorwa.com\/index.php?rest_route=%2Fwp%2Fv2%2Fproduct_cat&post=203"},{"taxonomy":"product_tag","embeddable":true,"href":"https:\/\/glorwa.com\/index.php?rest_route=%2Fwp%2Fv2%2Fproduct_tag&post=203"}],"curies":[{"name":"wp","href":"https:\/\/api.w.org\/{rel}","templated":true}]}}